01441?
-22201434
In base 12, what is 5 + -7273b?
-72736
In base 15, what is a - 148?
-13d
In base 5, what is 4 + 21120324?
21120333
In base 9, what is -1865587 + 1?
-1865586
In base 2, what is 100 + 10111100101011?
10111100101111
In base 13, what is 2 - -77bb6?
77bb8
In base 4, what is 10120330 - 1211?
10113113
In base 10, what is 577579 + 4?
577583
In base 2, what is 101 + 100010100111101?
100010101000010
In base 16, what is ee - -ebf?
fad
In base 9, what is -101427 - 0?
-101427
In base 3, what is 1110111021 + 212?
1110112010
In base 12, what is 5b - 3521?
-3482
In base 12, what is 406b + 114?
4183
In base 5, what is -30400 + -23133?
-104033
In base 2, what is 10010000110 + 11100010?
10101101000
In base 4, what is 2 - 3321031?
-3321023
In base 12, what is -3 - -2a058?
2a055
In base 13, what is -1 + c494?
c493
In base 7, what is 426002 - 12?
425660
In base 9, what is -2143632 + 2?
-2143630
In base 12, what is -2155a + -2?
-21560
In base 11, what is 1a + aa5?
1014
In base 5, what is 0 - 1011103?
-1011103
In base 11, what is a5 - 8053?
-7a59
In base 3, what is 21 - -21001111002?
21001111100
In base 14, what is 672 - 7c3?
-151
In base 9, what is 22534 - -4?
22538
In base 4, what is 112 - -3203?
3321
In base 9, what is -445302 - -3?
-445288
In base 5, what is 3 + 11202203?
11202211
In base 3, what is -200020 - 20010?
-220100
In base 15, what is 39 - 52e?
-4e5
In base 3, what is -22211212210222 - 0?
-22211212210222
In base 12, what is b49 - 11?
b38
In base 6, what is -1 + 413110?
413105
In base 10, what is 22 + -7857?
-7835
In base 13, what is -4 - -39583?
3957c
In base 12, what is -22 - -740?
71a
In base 11, what is 4 - -333a?
3343
In base 10, what is 83342 - 2?
83340
In base 15, what is c3d6 + 8?
c3de
In base 9, what is -27568 - 1?
-27570
In base 9, what is -1840603 + -5?
-1840608
In base 6, what is 21 - -202434?
202455
In base 15, what is -27bac - 3?
-27bb0
In base 15, what is b8 + -c2?
-9
In base 13, what is -9c8 - -5?
-9c3
In base 16, what is -6d24 - -15?
-6d0f
In base 8, what is 12 - -2677123?
2677135
In base 16, what is 125f8 + -3?
125f5
In base 16, what is -6fe8 - -1?
-6fe7
In base 8, what is 4 + -405743?
-405737
In base 14, what is 2799 + -3?
2796
In base 10, what is 820 - -91?
911
In base 12, what is -4 - 2a351?
-2a355
In base 11, what is -114a3 + 5?
-11499
In base 12, what is -5 - -183030?
183027
In base 9, what is 5 - -367223?
367228
In base 9, what is 38601 - -5?
38606
In base 2, what is -1000110101 + 10010010100000?
10001001101011
In base 2, what is 1111101 + -100100100101?
-100010101000
In base 3, what is 10 + 10110111001?
10110111011
In base 12, what is 11 + -7933?
-7922
In base 2, what is -1 + -1101100000011011101?
-1101100000011011110
In base 9, what is 5888 - -4?
6003
In base 8, what is -4 + 110536?
110532
In base 16, what is -41a - da?
-4f4
In base 5, what is -20442 - -12411?
-3031
In base 2, what is -11101101111 + 111?
-11101101000
In base 9, what is -232453 - -5?
-232447
In base 4, what is -1 + -231001000?
-231001001
In base 6, what is 103300 - -230?
103530
In base 15, what is 8561 - 30?
8531
In base 8, what is -50 - -12127?
12057
In base 6, what is 5 - 430445?
-430440
In base 3, what is -20 + 102211101?
102211011
In base 11, what is 12aa727 - -1?
12aa728
In base 11, what is -8513 + -2?
-8515
In base 14, what is -27bb + 116?
-26a5
In base 15, what is -153494 - 3?
-153497
In base 7, what is 116261 + -4?
116254
In base 11, what is -1 - 28186?
-28187
In base 2, what is -111100011000 - -10100?
-111100000100
In base 10, what is 19 - -16762?
16781
In base 3, what is 10022010 + -12?
10021221
In base 15, what is 3a0a28 - -1?
3a0a29
In base 4, what is -2 + 11123?
11121
In base 2, what is 10 + 10011101110100100?
10011101110100110
In base 9, what is -465781 - -7?
-465773
In base 10, what is 872455 + 1?
872456
In base 4, what is 232312112 + 11?
232312123
In base 10, what is 5 + -642478?
-642473
In base 8, what is -1027 - 105?
-1134
In base 8, what is -23 + 167177?
167154
In base 5, what is -331 - 3343?
-4224
In base 12, what is -12 - -7a64?
7a52
In base 12, what is 3 + 41138?
4113b
In base 6, what is -5 + 1034304?
1034255
In base 8, what is 1703 + 213?
2116
In base 8, what is 66 + 17446?
17534
In base 10, what is 3 + 139169?
139172
In base 8, what is -420565 - -1?
-420564
In base 4, what is -22013 - -1200?
-20213
In base 2, what is -1000010000010 - -10011111?
-111111100011
In base 12, what is -8b088 + -2?
-8b08a
In base 16, what is 3b0 + -1b?
395
In base 6, what is 501044 - -14?
501102
In base 9, what is -2568553 + -2?
-2568555
In base 2, what is 1001011001101 - 100?
1001011001001
In base 14, what is -3 - -1375?
1372
In base 15, what is 7 - -55a0?
55a7
In base 6, what is 22250130 + -5?
22250121
In base 8, what is -1246151 + 1?
-1246150
In base 10, what is -3 + 476429?
476426
In base 2, what is 1010010111001111 + 1011?
1010010111011010
In base 7, what is -6032 + 1511?
-4221
In base 5, what is 4 + 30423222?
30423231
In base 8, what is 13 + 2415?
2430
In base 6, what is -1102014 + -51?
-1102105
In base 6, what is 1031 + 134011?
135042
In base 5, what is -44041 + 311?
-43230
In base 2, what is -101 + 10111110000111000100?
10111110000110111111
In base 8, what is 30 + -22?
6
In base 4, what is -110311 + 10?
-110301
In base 12, what is -31b2 - -31?
-3181
In base 15, what is -4 - 15b?
-160
In base 12, what is -3800 + 44?
-3778
In base 8, what is 3 + 171043?
171046
In base 12, what is -94 - -5103?
502b
In base 14, what is 57217 - 2?
57215
In base 3, what is 0 + -1001211222211?
-1001211222211
In base 14, what is 0 - 57a3?
-57a3
In base 14, what is -40 + 11c22?
11bc2
In base 10, what is 5 - -69890?
69895
In base 12, what is 5 - 27a1?
-2798
In base 4, what is -11203 + -1300013?
-1311222
In base 11, what is 7a0 + 111?
901
In base 8, what is -7562 - 66?
-7650
In base 8, what is 0 - 4624?
-4624
In base 4, what is -11 - 3120210?
-3120221
In base 4, what is 10 - 1113301203?
-1113301133
In base 3, what is 1 + 1012020200?
1012020201
In base 13, what is -344 - -8a1?
55a
In base 5, what is 21 - 142332?
-142311
In base 12, what is 147 - -aab?
1036
In base 3, what is -1100212022 - -1?
-1100212021
In base 4, what is -2103 + 310213?
302110
In base 9, what is -3 - 5846?
-5850
In base 4, what is 1010313 + -103?
1010210
In base 9, what is -2 - 105007?
-105010
In base 9, what is -17368 + -23?
-17402
In base 3, what is -10 + -102222002211?
-102222002221
In base 13, what is 4 + 75428?
7542c
In base 14, what is -464 + 3?
-461
In base 3, what is -111 + -101021?
-101202
In base 10, what is 1 + 787003?
787004
In base 4, what is -12 + -1232131?
-1232203
In base 4, what is 112 - -21?
133
In base 5, what is -443 + 2431?
1433
In base 12, what is -1 + -242767?
-242768
In base 4, what is -323 + -10212021?
-10213010
In base 5, what is 3 - 433001?
-432443
In base 12, what is -569 - -38?
-531
In base 6, what is -131301 - 2?
-131303
In base 9, what is 5 + -28708?
-28703
In base 15, what is -3 + bcb?
bc8
In base 2, what is -100110011001111011 - 0?
-100110011001111011
In base 5, what is -2314403 - 0?
-2314403
In base 13, what is 1 + 7c278?
7c279
In base 4, what is 30 + -1013131?
-1013101
In base 16, what is -b - -383a8?
3839d
In base 11, what is 547 + 747?
1193
In base 4, what is -2 + 231123?
231121
In base 15, what is 8bd + -c?
8b1
In base 4, what is -1202031 + 1132?
-1200233
In base 12, what is 1 - -18b3?
18b4
In base 12, what is -23106 - -3?
-23103
In base 11, what is 791 + -22a?
562
In base 13, what is 22b - -411?
63c
In base 5, what is 1033012 - 104?
1032403
In base 16, what is 0 - 9216?
-9216
In base 2, what is 10100 - 11011100101?
-11011010001
In base 5, what is -1040424412 + -4?
-1040424421
In base 6, what is 0 - -134511?
134511
In base 8, what is 51077 - -2?
51101
In base 3, what is 2111 - -2200011102?
2200020220
In base 6, what is 11144 + 2440?
14024
In base 7, what is 202 - -1046?
1251
In base 13, what is 99 - 176?
-aa
In base 2, what is 1000 - -1100101100011?
1100101101011
In base 11, what is -1a26 + 707?
-131a
In base 11, what is 555 - -9a1?
1446
In base 8, what is -5704 + -23?
-5727
In base 10, what is 31 + 3842?
3873
In base 16, what is 732 + -17?
71b
In base 10, what is -4 - 774527?
-774531
In base 7, what is 5464 + 5?
5502
In base 9, what is -14 - -12361?
12346
I